{"id":133,"date":"2022-05-26T01:13:51","date_gmt":"2022-05-25T23:13:51","guid":{"rendered":"http:\/\/npyikcn.cluster031.hosting.ovh.net\/?page_id=133"},"modified":"2026-03-07T20:25:15","modified_gmt":"2026-03-07T19:25:15","slug":"classements-comites-2022","status":"publish","type":"page","link":"https:\/\/lsef.fr\/index.php\/classements\/classements-comites-2022\/","title":{"rendered":"Classements comit\u00e9s"},"content":{"rendered":"\n<p><\/p>\n\n\n\n<div class=\"wp-block-group\"><div class=\"wp-block-group__inner-container is-layout-constrained wp-block-group-is-layout-constrained\">\n<p>Comit\u00e9 ALP<\/p>\n\n\n\n<div class=\"wp-block-file\"><a id=\"wp-block-file--media-c2547696-8c0e-4ea4-9200-3e91a63f0d98\" href=\"https:\/\/lsef.fr\/wp-content\/uploads\/2026\/03\/ALP_Classement_25-26-v2.pdf\" target=\"_blank\" rel=\"noreferrer noopener\">ALP_Classement_25-26-v2<\/a><a href=\"https:\/\/lsef.fr\/wp-content\/uploads\/2026\/03\/ALP_Classement_25-26-v2.pdf\" class=\"wp-block-file__button wp-element-button\" download aria-describedby=\"wp-block-file--media-c2547696-8c0e-4ea4-9200-3e91a63f0d98\">T\u00e9l\u00e9charger<\/a><\/div>\n<\/div><\/div>\n\n\n\n<p><\/p>\n\n\n\n<p>Comit\u00e9 AUV<br><a href=\"https:\/\/auvergneflechettes.fr\">Classement AUV 2024\/202<\/a><a href=\"https:\/\/drive.google.com\/file\/d\/11hB8WOS3tyEChTyz65CbB76UomUII6Jd\/view\">5<\/a><\/p>\n\n\n\n<p>Comit\u00e9 MER<\/p>\n\n\n\n<div class=\"wp-block-file\"><a id=\"wp-block-file--media-f800c558-c6f7-406d-8f11-7dd3405a8fe7\" href=\"https:\/\/lsef.fr\/wp-content\/uploads\/2024\/10\/MER_Classement.pdf\">MER_Classement<\/a><a href=\"https:\/\/lsef.fr\/wp-content\/uploads\/2024\/10\/MER_Classement.pdf\" class=\"wp-block-file__button wp-element-button\" download aria-describedby=\"wp-block-file--media-f800c558-c6f7-406d-8f11-7dd3405a8fe7\">T\u00e9l\u00e9charger<\/a><\/div>\n\n\n\n<p>Comit\u00e9 VDR<\/p>\n\n\n\n<p><a href=\"https:\/\/lsef.fr\/index.php\/les-comites\/vallee-du-rhone\/\">Classement VDR au 14\/01\/2025<\/a><\/p>\n","protected":false},"excerpt":{"rendered":"<p>Comit\u00e9 ALP Comit\u00e9 AUVClassement AUV 2024\/2025 Comit\u00e9 MER Comit\u00e9 VDR Classement VDR au 14\/01\/2025<\/p>\n","protected":false},"author":1,"featured_media":0,"parent":1680,"menu_order":0,"comment_status":"closed","ping_status":"closed","template":"template-fullwidth.php","meta":{"sfsi_plus_gutenberg_text_before_share":"","sfsi_plus_gutenberg_show_text_before_share":"","sfsi_plus_gutenberg_icon_type":"","sfsi_plus_gutenberg_icon_alignemt":"","sfsi_plus_gutenburg_max_per_row":"","footnotes":""},"class_list":["post-133","page","type-page","status-publish","hentry"],"yoast_head":"<!-- This site is optimized with the Yoast SEO plugin v24.2 - https:\/\/yoast.com\/wordpress\/plugins\/seo\/ -->\n<title>Classements comit\u00e9s - Ligue sud est de fl\u00e9chettes<\/title>\n<meta name=\"robots\" content=\"index, follow, max-snippet:-1, max-image-preview:large, max-video-preview:-1\" \/>\n<link rel=\"canonical\" href=\"https:\/\/lsef.fr\/index.php\/classements\/classements-comites-2022\/\" \/>\n<meta property=\"og:locale\" content=\"fr_FR\" \/>\n<meta property=\"og:type\" content=\"article\" \/>\n<meta property=\"og:title\" content=\"Classements comit\u00e9s - Ligue sud est de fl\u00e9chettes\" \/>\n<meta property=\"og:description\" content=\"Comit\u00e9 ALP Comit\u00e9 AUVClassement AUV 2024\/2025 Comit\u00e9 MER Comit\u00e9 VDR Classement VDR au 14\/01\/2025\" \/>\n<meta property=\"og:url\" content=\"https:\/\/lsef.fr\/index.php\/classements\/classements-comites-2022\/\" \/>\n<meta property=\"og:site_name\" content=\"Ligue sud est de fl\u00e9chettes\" \/>\n<meta property=\"article:publisher\" content=\"https:\/\/www.facebook.com\/liguesudestdeflechettes\" \/>\n<meta property=\"article:modified_time\" content=\"2026-03-07T19:25:15+00:00\" \/>\n<meta name=\"twitter:card\" content=\"summary_large_image\" \/>\n<meta name=\"twitter:site\" content=\"@FFD_Darts\" \/>\n<meta name=\"twitter:label1\" content=\"Dur\u00e9e de lecture estim\u00e9e\" \/>\n\t<meta name=\"twitter:data1\" content=\"1 minute\" \/>\n<script type=\"application\/ld+json\" class=\"yoast-schema-graph\">{\"@context\":\"https:\/\/schema.org\",\"@graph\":[{\"@type\":\"WebPage\",\"@id\":\"https:\/\/lsef.fr\/index.php\/classements\/classements-comites-2022\/\",\"url\":\"https:\/\/lsef.fr\/index.php\/classements\/classements-comites-2022\/\",\"name\":\"Classements comit\u00e9s - Ligue sud est de fl\u00e9chettes\",\"isPartOf\":{\"@id\":\"https:\/\/lsef.fr\/#website\"},\"datePublished\":\"2022-05-25T23:13:51+00:00\",\"dateModified\":\"2026-03-07T19:25:15+00:00\",\"breadcrumb\":{\"@id\":\"https:\/\/lsef.fr\/index.php\/classements\/classements-comites-2022\/#breadcrumb\"},\"inLanguage\":\"fr-FR\",\"potentialAction\":[{\"@type\":\"ReadAction\",\"target\":[\"https:\/\/lsef.fr\/index.php\/classements\/classements-comites-2022\/\"]}]},{\"@type\":\"BreadcrumbList\",\"@id\":\"https:\/\/lsef.fr\/index.php\/classements\/classements-comites-2022\/#breadcrumb\",\"itemListElement\":[{\"@type\":\"ListItem\",\"position\":1,\"name\":\"Accueil\",\"item\":\"https:\/\/lsef.fr\/\"},{\"@type\":\"ListItem\",\"position\":2,\"name\":\"Classements\",\"item\":\"https:\/\/lsef.fr\/index.php\/classements\/\"},{\"@type\":\"ListItem\",\"position\":3,\"name\":\"Classements comit\u00e9s\"}]},{\"@type\":\"WebSite\",\"@id\":\"https:\/\/lsef.fr\/#website\",\"url\":\"https:\/\/lsef.fr\/\",\"name\":\"Ligue sud est de fl\u00e9chettes\",\"description\":\"\",\"publisher\":{\"@id\":\"https:\/\/lsef.fr\/#organization\"},\"potentialAction\":[{\"@type\":\"SearchAction\",\"target\":{\"@type\":\"EntryPoint\",\"urlTemplate\":\"https:\/\/lsef.fr\/?s={search_term_string}\"},\"query-input\":{\"@type\":\"PropertyValueSpecification\",\"valueRequired\":true,\"valueName\":\"search_term_string\"}}],\"inLanguage\":\"fr-FR\"},{\"@type\":\"Organization\",\"@id\":\"https:\/\/lsef.fr\/#organization\",\"name\":\"Ligue sud est de fl\u00e9chettes\",\"url\":\"https:\/\/lsef.fr\/\",\"logo\":{\"@type\":\"ImageObject\",\"inLanguage\":\"fr-FR\",\"@id\":\"https:\/\/lsef.fr\/#\/schema\/logo\/image\/\",\"url\":\"https:\/\/lsef.fr\/wp-content\/uploads\/2022\/06\/Lsef.png\",\"contentUrl\":\"https:\/\/lsef.fr\/wp-content\/uploads\/2022\/06\/Lsef.png\",\"width\":1190,\"height\":1389,\"caption\":\"Ligue sud est de fl\u00e9chettes\"},\"image\":{\"@id\":\"https:\/\/lsef.fr\/#\/schema\/logo\/image\/\"},\"sameAs\":[\"https:\/\/www.facebook.com\/liguesudestdeflechettes\",\"https:\/\/x.com\/FFD_Darts\",\"https:\/\/www.youtube.com\/channel\/UChNXFlsI4rJPP1CsjhupQZg\/videos\"]}]}<\/script>\n<!-- \/ Yoast SEO plugin. -->","yoast_head_json":{"title":"Classements comit\u00e9s - Ligue sud est de fl\u00e9chettes","robots":{"index":"index","follow":"follow","max-snippet":"max-snippet:-1","max-image-preview":"max-image-preview:large","max-video-preview":"max-video-preview:-1"},"canonical":"https:\/\/lsef.fr\/index.php\/classements\/classements-comites-2022\/","og_locale":"fr_FR","og_type":"article","og_title":"Classements comit\u00e9s - Ligue sud est de fl\u00e9chettes","og_description":"Comit\u00e9 ALP Comit\u00e9 AUVClassement AUV 2024\/2025 Comit\u00e9 MER Comit\u00e9 VDR Classement VDR au 14\/01\/2025","og_url":"https:\/\/lsef.fr\/index.php\/classements\/classements-comites-2022\/","og_site_name":"Ligue sud est de fl\u00e9chettes","article_publisher":"https:\/\/www.facebook.com\/liguesudestdeflechettes","article_modified_time":"2026-03-07T19:25:15+00:00","twitter_card":"summary_large_image","twitter_site":"@FFD_Darts","twitter_misc":{"Dur\u00e9e de lecture estim\u00e9e":"1 minute"},"schema":{"@context":"https:\/\/schema.org","@graph":[{"@type":"WebPage","@id":"https:\/\/lsef.fr\/index.php\/classements\/classements-comites-2022\/","url":"https:\/\/lsef.fr\/index.php\/classements\/classements-comites-2022\/","name":"Classements comit\u00e9s - Ligue sud est de fl\u00e9chettes","isPartOf":{"@id":"https:\/\/lsef.fr\/#website"},"datePublished":"2022-05-25T23:13:51+00:00","dateModified":"2026-03-07T19:25:15+00:00","breadcrumb":{"@id":"https:\/\/lsef.fr\/index.php\/classements\/classements-comites-2022\/#breadcrumb"},"inLanguage":"fr-FR","potentialAction":[{"@type":"ReadAction","target":["https:\/\/lsef.fr\/index.php\/classements\/classements-comites-2022\/"]}]},{"@type":"BreadcrumbList","@id":"https:\/\/lsef.fr\/index.php\/classements\/classements-comites-2022\/#breadcrumb","itemListElement":[{"@type":"ListItem","position":1,"name":"Accueil","item":"https:\/\/lsef.fr\/"},{"@type":"ListItem","position":2,"name":"Classements","item":"https:\/\/lsef.fr\/index.php\/classements\/"},{"@type":"ListItem","position":3,"name":"Classements comit\u00e9s"}]},{"@type":"WebSite","@id":"https:\/\/lsef.fr\/#website","url":"https:\/\/lsef.fr\/","name":"Ligue sud est de fl\u00e9chettes","description":"","publisher":{"@id":"https:\/\/lsef.fr\/#organization"},"potentialAction":[{"@type":"SearchAction","target":{"@type":"EntryPoint","urlTemplate":"https:\/\/lsef.fr\/?s={search_term_string}"},"query-input":{"@type":"PropertyValueSpecification","valueRequired":true,"valueName":"search_term_string"}}],"inLanguage":"fr-FR"},{"@type":"Organization","@id":"https:\/\/lsef.fr\/#organization","name":"Ligue sud est de fl\u00e9chettes","url":"https:\/\/lsef.fr\/","logo":{"@type":"ImageObject","inLanguage":"fr-FR","@id":"https:\/\/lsef.fr\/#\/schema\/logo\/image\/","url":"https:\/\/lsef.fr\/wp-content\/uploads\/2022\/06\/Lsef.png","contentUrl":"https:\/\/lsef.fr\/wp-content\/uploads\/2022\/06\/Lsef.png","width":1190,"height":1389,"caption":"Ligue sud est de fl\u00e9chettes"},"image":{"@id":"https:\/\/lsef.fr\/#\/schema\/logo\/image\/"},"sameAs":["https:\/\/www.facebook.com\/liguesudestdeflechettes","https:\/\/x.com\/FFD_Darts","https:\/\/www.youtube.com\/channel\/UChNXFlsI4rJPP1CsjhupQZg\/videos"]}]}},"_links":{"self":[{"href":"https:\/\/lsef.fr\/index.php\/wp-json\/wp\/v2\/pages\/133","targetHints":{"allow":["GET"]}}],"collection":[{"href":"https:\/\/lsef.fr\/index.php\/wp-json\/wp\/v2\/pages"}],"about":[{"href":"https:\/\/lsef.fr\/index.php\/wp-json\/wp\/v2\/types\/page"}],"author":[{"embeddable":true,"href":"https:\/\/lsef.fr\/index.php\/wp-json\/wp\/v2\/users\/1"}],"replies":[{"embeddable":true,"href":"https:\/\/lsef.fr\/index.php\/wp-json\/wp\/v2\/comments?post=133"}],"version-history":[{"count":43,"href":"https:\/\/lsef.fr\/index.php\/wp-json\/wp\/v2\/pages\/133\/revisions"}],"predecessor-version":[{"id":2133,"href":"https:\/\/lsef.fr\/index.php\/wp-json\/wp\/v2\/pages\/133\/revisions\/2133"}],"up":[{"embeddable":true,"href":"https:\/\/lsef.fr\/index.php\/wp-json\/wp\/v2\/pages\/1680"}],"wp:attachment":[{"href":"https:\/\/lsef.fr\/index.php\/wp-json\/wp\/v2\/media?parent=133"}],"curies":[{"name":"wp","href":"https:\/\/api.w.org\/{rel}","templated":true}]}}