{"id":121,"date":"2022-05-26T01:01:29","date_gmt":"2022-05-25T23:01:29","guid":{"rendered":"http:\/\/npyikcn.cluster031.hosting.ovh.net\/?page_id=121"},"modified":"2025-09-16T15:08:49","modified_gmt":"2025-09-16T13:08:49","slug":"reglement-interieur","status":"publish","type":"page","link":"https:\/\/lsef.fr\/index.php\/reglement-interieur\/","title":{"rendered":"R\u00e8glement"},"content":{"rendered":"\n<div data-wp-interactive=\"core\/file\" class=\"wp-block-file\"><object data-wp-bind--hidden=\"!state.hasPdfPreview\" hidden class=\"wp-block-file__embed\" data=\"https:\/\/lsef.fr\/wp-content\/uploads\/2025\/09\/Reglement-Interieur-LSEF_2.1.pdf\" type=\"application\/pdf\" style=\"width:100%;height:600px\" aria-label=\"Contenu embarqu\u00e9 R\u00e8glement Int\u00e9rieur LSEF_2.1.\"><\/object><a id=\"wp-block-file--media-285e7353-3cf7-498e-a9bc-76aa2efae86e\" href=\"https:\/\/lsef.fr\/wp-content\/uploads\/2025\/09\/Reglement-Interieur-LSEF_2.1.pdf\">R\u00e8glement Int\u00e9rieur LSEF_2.1<\/a><a href=\"https:\/\/lsef.fr\/wp-content\/uploads\/2025\/09\/Reglement-Interieur-LSEF_2.1.pdf\" class=\"wp-block-file__button wp-element-button\" download aria-describedby=\"wp-block-file--media-285e7353-3cf7-498e-a9bc-76aa2efae86e\">T\u00e9l\u00e9charger<\/a><\/div>\n","protected":false},"excerpt":{"rendered":"","protected":false},"author":1,"featured_media":0,"parent":0,"menu_order":0,"comment_status":"closed","ping_status":"closed","template":"","meta":{"sfsi_plus_gutenberg_text_before_share":"","sfsi_plus_gutenberg_show_text_before_share":"","sfsi_plus_gutenberg_icon_type":"","sfsi_plus_gutenberg_icon_alignemt":"","sfsi_plus_gutenburg_max_per_row":"","footnotes":""},"class_list":["post-121","page","type-page","status-publish","hentry"],"yoast_head":"<!-- This site is optimized with the Yoast SEO plugin v24.2 - https:\/\/yoast.com\/wordpress\/plugins\/seo\/ -->\n<title>R\u00e8glement - Ligue sud est de fl\u00e9chettes<\/title>\n<meta name=\"robots\" content=\"index, follow, max-snippet:-1, max-image-preview:large, max-video-preview:-1\" \/>\n<link rel=\"canonical\" href=\"https:\/\/lsef.fr\/index.php\/reglement-interieur\/\" \/>\n<meta property=\"og:locale\" content=\"fr_FR\" \/>\n<meta property=\"og:type\" content=\"article\" \/>\n<meta property=\"og:title\" content=\"R\u00e8glement - Ligue sud est de fl\u00e9chettes\" \/>\n<meta property=\"og:url\" content=\"https:\/\/lsef.fr\/index.php\/reglement-interieur\/\" \/>\n<meta property=\"og:site_name\" content=\"Ligue sud est de fl\u00e9chettes\" \/>\n<meta property=\"article:publisher\" content=\"https:\/\/www.facebook.com\/liguesudestdeflechettes\" \/>\n<meta property=\"article:modified_time\" content=\"2025-09-16T13:08:49+00:00\" \/>\n<meta name=\"twitter:card\" content=\"summary_large_image\" \/>\n<meta name=\"twitter:site\" content=\"@FFD_Darts\" \/>\n<meta name=\"twitter:label1\" content=\"Dur\u00e9e de lecture estim\u00e9e\" \/>\n\t<meta name=\"twitter:data1\" content=\"1 minute\" \/>\n<script type=\"application\/ld+json\" class=\"yoast-schema-graph\">{\"@context\":\"https:\/\/schema.org\",\"@graph\":[{\"@type\":\"WebPage\",\"@id\":\"https:\/\/lsef.fr\/index.php\/reglement-interieur\/\",\"url\":\"https:\/\/lsef.fr\/index.php\/reglement-interieur\/\",\"name\":\"R\u00e8glement - Ligue sud est de fl\u00e9chettes\",\"isPartOf\":{\"@id\":\"https:\/\/lsef.fr\/#website\"},\"datePublished\":\"2022-05-25T23:01:29+00:00\",\"dateModified\":\"2025-09-16T13:08:49+00:00\",\"breadcrumb\":{\"@id\":\"https:\/\/lsef.fr\/index.php\/reglement-interieur\/#breadcrumb\"},\"inLanguage\":\"fr-FR\",\"potentialAction\":[{\"@type\":\"ReadAction\",\"target\":[\"https:\/\/lsef.fr\/index.php\/reglement-interieur\/\"]}]},{\"@type\":\"BreadcrumbList\",\"@id\":\"https:\/\/lsef.fr\/index.php\/reglement-interieur\/#breadcrumb\",\"itemListElement\":[{\"@type\":\"ListItem\",\"position\":1,\"name\":\"Accueil\",\"item\":\"https:\/\/lsef.fr\/\"},{\"@type\":\"ListItem\",\"position\":2,\"name\":\"R\u00e8glement\"}]},{\"@type\":\"WebSite\",\"@id\":\"https:\/\/lsef.fr\/#website\",\"url\":\"https:\/\/lsef.fr\/\",\"name\":\"Ligue sud est de fl\u00e9chettes\",\"description\":\"\",\"publisher\":{\"@id\":\"https:\/\/lsef.fr\/#organization\"},\"potentialAction\":[{\"@type\":\"SearchAction\",\"target\":{\"@type\":\"EntryPoint\",\"urlTemplate\":\"https:\/\/lsef.fr\/?s={search_term_string}\"},\"query-input\":{\"@type\":\"PropertyValueSpecification\",\"valueRequired\":true,\"valueName\":\"search_term_string\"}}],\"inLanguage\":\"fr-FR\"},{\"@type\":\"Organization\",\"@id\":\"https:\/\/lsef.fr\/#organization\",\"name\":\"Ligue sud est de fl\u00e9chettes\",\"url\":\"https:\/\/lsef.fr\/\",\"logo\":{\"@type\":\"ImageObject\",\"inLanguage\":\"fr-FR\",\"@id\":\"https:\/\/lsef.fr\/#\/schema\/logo\/image\/\",\"url\":\"https:\/\/lsef.fr\/wp-content\/uploads\/2022\/06\/Lsef.png\",\"contentUrl\":\"https:\/\/lsef.fr\/wp-content\/uploads\/2022\/06\/Lsef.png\",\"width\":1190,\"height\":1389,\"caption\":\"Ligue sud est de fl\u00e9chettes\"},\"image\":{\"@id\":\"https:\/\/lsef.fr\/#\/schema\/logo\/image\/\"},\"sameAs\":[\"https:\/\/www.facebook.com\/liguesudestdeflechettes\",\"https:\/\/x.com\/FFD_Darts\",\"https:\/\/www.youtube.com\/channel\/UChNXFlsI4rJPP1CsjhupQZg\/videos\"]}]}<\/script>\n<!-- \/ Yoast SEO plugin. -->","yoast_head_json":{"title":"R\u00e8glement - Ligue sud est de fl\u00e9chettes","robots":{"index":"index","follow":"follow","max-snippet":"max-snippet:-1","max-image-preview":"max-image-preview:large","max-video-preview":"max-video-preview:-1"},"canonical":"https:\/\/lsef.fr\/index.php\/reglement-interieur\/","og_locale":"fr_FR","og_type":"article","og_title":"R\u00e8glement - Ligue sud est de fl\u00e9chettes","og_url":"https:\/\/lsef.fr\/index.php\/reglement-interieur\/","og_site_name":"Ligue sud est de fl\u00e9chettes","article_publisher":"https:\/\/www.facebook.com\/liguesudestdeflechettes","article_modified_time":"2025-09-16T13:08:49+00:00","twitter_card":"summary_large_image","twitter_site":"@FFD_Darts","twitter_misc":{"Dur\u00e9e de lecture estim\u00e9e":"1 minute"},"schema":{"@context":"https:\/\/schema.org","@graph":[{"@type":"WebPage","@id":"https:\/\/lsef.fr\/index.php\/reglement-interieur\/","url":"https:\/\/lsef.fr\/index.php\/reglement-interieur\/","name":"R\u00e8glement - Ligue sud est de fl\u00e9chettes","isPartOf":{"@id":"https:\/\/lsef.fr\/#website"},"datePublished":"2022-05-25T23:01:29+00:00","dateModified":"2025-09-16T13:08:49+00:00","breadcrumb":{"@id":"https:\/\/lsef.fr\/index.php\/reglement-interieur\/#breadcrumb"},"inLanguage":"fr-FR","potentialAction":[{"@type":"ReadAction","target":["https:\/\/lsef.fr\/index.php\/reglement-interieur\/"]}]},{"@type":"BreadcrumbList","@id":"https:\/\/lsef.fr\/index.php\/reglement-interieur\/#breadcrumb","itemListElement":[{"@type":"ListItem","position":1,"name":"Accueil","item":"https:\/\/lsef.fr\/"},{"@type":"ListItem","position":2,"name":"R\u00e8glement"}]},{"@type":"WebSite","@id":"https:\/\/lsef.fr\/#website","url":"https:\/\/lsef.fr\/","name":"Ligue sud est de fl\u00e9chettes","description":"","publisher":{"@id":"https:\/\/lsef.fr\/#organization"},"potentialAction":[{"@type":"SearchAction","target":{"@type":"EntryPoint","urlTemplate":"https:\/\/lsef.fr\/?s={search_term_string}"},"query-input":{"@type":"PropertyValueSpecification","valueRequired":true,"valueName":"search_term_string"}}],"inLanguage":"fr-FR"},{"@type":"Organization","@id":"https:\/\/lsef.fr\/#organization","name":"Ligue sud est de fl\u00e9chettes","url":"https:\/\/lsef.fr\/","logo":{"@type":"ImageObject","inLanguage":"fr-FR","@id":"https:\/\/lsef.fr\/#\/schema\/logo\/image\/","url":"https:\/\/lsef.fr\/wp-content\/uploads\/2022\/06\/Lsef.png","contentUrl":"https:\/\/lsef.fr\/wp-content\/uploads\/2022\/06\/Lsef.png","width":1190,"height":1389,"caption":"Ligue sud est de fl\u00e9chettes"},"image":{"@id":"https:\/\/lsef.fr\/#\/schema\/logo\/image\/"},"sameAs":["https:\/\/www.facebook.com\/liguesudestdeflechettes","https:\/\/x.com\/FFD_Darts","https:\/\/www.youtube.com\/channel\/UChNXFlsI4rJPP1CsjhupQZg\/videos"]}]}},"_links":{"self":[{"href":"https:\/\/lsef.fr\/index.php\/wp-json\/wp\/v2\/pages\/121","targetHints":{"allow":["GET"]}}],"collection":[{"href":"https:\/\/lsef.fr\/index.php\/wp-json\/wp\/v2\/pages"}],"about":[{"href":"https:\/\/lsef.fr\/index.php\/wp-json\/wp\/v2\/types\/page"}],"author":[{"embeddable":true,"href":"https:\/\/lsef.fr\/index.php\/wp-json\/wp\/v2\/users\/1"}],"replies":[{"embeddable":true,"href":"https:\/\/lsef.fr\/index.php\/wp-json\/wp\/v2\/comments?post=121"}],"version-history":[{"count":7,"href":"https:\/\/lsef.fr\/index.php\/wp-json\/wp\/v2\/pages\/121\/revisions"}],"predecessor-version":[{"id":1949,"href":"https:\/\/lsef.fr\/index.php\/wp-json\/wp\/v2\/pages\/121\/revisions\/1949"}],"wp:attachment":[{"href":"https:\/\/lsef.fr\/index.php\/wp-json\/wp\/v2\/media?parent=121"}],"curies":[{"name":"wp","href":"https:\/\/api.w.org\/{rel}","templated":true}]}}