{"version":"1.0","provider_name":"Ligue sud est de fl\u00e9chettes","provider_url":"https:\/\/lsef.fr","author_name":"Mathieu","author_url":"https:\/\/lsef.fr\/index.php\/author\/admin3620\/","title":"Saison suspendue pour cause de Covid 19 - Ligue sud est de fl\u00e9chettes","type":"rich","width":600,"height":338,"html":"<blockquote class=\"wp-embedded-content\" data-secret=\"YpfimkT1eF\"><a href=\"https:\/\/lsef.fr\/index.php\/2020\/03\/15\/saison-suspendue-pour-cause-de-covid-19\/\">Saison suspendue pour cause de Covid 19<\/a><\/blockquote><iframe sandbox=\"allow-scripts\" security=\"restricted\" src=\"https:\/\/lsef.fr\/index.php\/2020\/03\/15\/saison-suspendue-pour-cause-de-covid-19\/embed\/#?secret=YpfimkT1eF\" width=\"600\" height=\"338\" title=\"\u00ab\u00a0Saison suspendue pour cause de Covid 19\u00a0\u00bb &#8212; Ligue sud est de fl\u00e9chettes\" data-secret=\"YpfimkT1eF\" frameborder=\"0\" marginwidth=\"0\" marginheight=\"0\" scrolling=\"no\" class=\"wp-embedded-content\"><\/iframe><script type=\"text\/javascript\">\n\/* <![CDATA[ *\/\n\/*! This file is auto-generated *\/\n!function(d,l){\"use strict\";l.querySelector&&d.addEventListener&&\"undefined\"!=typeof URL&&(d.wp=d.wp||{},d.wp.receiveEmbedMessage||(d.wp.receiveEmbedMessage=function(e){var t=e.data;if((t||t.secret||t.message||t.value)&&!\/[^a-zA-Z0-9]\/.test(t.secret)){for(var s,r,n,a=l.querySelectorAll('iframe[data-secret=\"'+t.secret+'\"]'),o=l.querySelectorAll('blockquote[data-secret=\"'+t.secret+'\"]'),c=new RegExp(\"^https?:$\",\"i\"),i=0;i<o.length;i++)o[i].style.display=\"none\";for(i=0;i<a.length;i++)s=a[i],e.source===s.contentWindow&&(s.removeAttribute(\"style\"),\"height\"===t.message?(1e3<(r=parseInt(t.value,10))?r=1e3:~~r<200&&(r=200),s.height=r):\"link\"===t.message&&(r=new URL(s.getAttribute(\"src\")),n=new URL(t.value),c.test(n.protocol))&&n.host===r.host&&l.activeElement===s&&(d.top.location.href=t.value))}},d.addEventListener(\"message\",d.wp.receiveEmbedMessage,!1),l.addEventListener(\"DOMContentLoaded\",function(){for(var e,t,s=l.querySelectorAll(\"iframe.wp-embedded-content\"),r=0;r<s.length;r++)(t=(e=s[r]).getAttribute(\"data-secret\"))||(t=Math.random().toString(36).substring(2,12),e.src+=\"#?secret=\"+t,e.setAttribute(\"data-secret\",t)),e.contentWindow.postMessage({message:\"ready\",secret:t},\"*\")},!1)))}(window,document);\n\/\/# sourceURL=https:\/\/lsef.fr\/wp-includes\/js\/wp-embed.min.js\n\/* ]]> *\/\n<\/script>\n","thumbnail_url":"https:\/\/lsef.fr\/wp-content\/uploads\/2020\/03\/zrgzegzgzgz.png","thumbnail_width":423,"thumbnail_height":445,"description":"Suite aux r\u00e9centes annonces officielles, et en accord avec la F\u00e9d\u00e9ration Fran\u00e7aise de Darts, nous avons d\u00e9cid\u00e9 de suspendre la saison sportive afin de faire face aux risques sanitaires du COVID-19. Tous les tournois pr\u00e9vus jusqu&rsquo;au 15 avril 2020, sous l&rsquo;\u00e9gide de la Ligue Sud-Est de Fl\u00e9chettes sont donc annul\u00e9s pour prot\u00e9ger les joueurs, leurs [&hellip;]"}

Ligue sud est de fléchettes

Saison suspendue pour cause de Covid 19 - Ligue sud est de fléchettes

<blockquote class="wp-embedded-content" data-secret="YpfimkT1eF"><a href="https://lsef.fr/index.php/2020/03/15/saison-suspendue-pour-cause-de-covid-19/">Saison suspendue pour cause de Covid 19</a></blockquote><iframe sandbox="allow-scripts" security="restricted" src="https://lsef.fr/index.php/2020/03/15/saison-suspendue-pour-cause-de-covid-19/embed/#?secret=YpfimkT1eF" width="600" height="338" title="« Saison suspendue pour cause de Covid 19 » &#8212; Ligue sud est de fléchettes" data-secret="YpfimkT1eF" frameborder="0" marginwidth="0" marginheight="0" scrolling="no" class="wp-embedded-content"></iframe><script type="text/javascript">
/* <![CDATA[ */
/*! This file is auto-generated */
!function(d,l){"use strict";l.querySelector&&d.addEventListener&&"undefined"!=typeof URL&&(d.wp=d.wp||{},d.wp.receiveEmbedMessage||(d.wp.receiveEmbedMessage=function(e){var t=e.data;if((t||t.secret||t.message||t.value)&&!/[^a-zA-Z0-9]/.test(t.secret)){for(var s,r,n,a=l.querySelectorAll('iframe[data-secret="'+t.secret+'"]'),o=l.querySelectorAll('blockquote[data-secret="'+t.secret+'"]'),c=new RegExp("^https?:$","i"),i=0;i<o.length;i++)o[i].style.display="none";for(i=0;i<a.length;i++)s=a[i],e.source===s.contentWindow&&(s.removeAttribute("style"),"height"===t.message?(1e3<(r=parseInt(t.value,10))?r=1e3:~~r<200&&(r=200),s.height=r):"link"===t.message&&(r=new URL(s.getAttribute("src")),n=new URL(t.value),c.test(n.protocol))&&n.host===r.host&&l.activeElement===s&&(d.top.location.href=t.value))}},d.addEventListener("message",d.wp.receiveEmbedMessage,!1),l.addEventListener("DOMContentLoaded",function(){for(var e,t,s=l.querySelectorAll("iframe.wp-embedded-content"),r=0;r<s.length;r++)(t=(e=s[r]).getAttribute("data-secret"))||(t=Math.random().toString(36).substring(2,12),e.src+="#?secret="+t,e.setAttribute("data-secret",t)),e.contentWindow.postMessage({message:"ready",secret:t},"*")},!1)))}(window,document);
//# sourceURL=https://lsef.fr/wp-includes/js/wp-embed.min.js
/* ]]> */
</script>

Suite aux récentes annonces officielles, et en accord avec la Fédération Française de Darts, nous avons décidé de suspendre la saison sportive afin de faire face aux risques sanitaires du COVID-19. Tous les tournois prévus jusqu&rsquo;au 15 avril 2020, sous l&rsquo;égide de la Ligue Sud-Est de Fléchettes sont donc annulés pour protéger les joueurs, leurs [&hellip;]
